w**2 - 2. Let o be k(2). Let q(f) = 3 + f**2 - f**2 + f**2. Is q(o) a prime number?
False
Let i(s) = -1 - 2 - 3*s + 3*s**2 + 2 + 4. Is i(3) a composite number?
True
Let w be (-3 - -2)/((-2)/(-116)). Let l = w - -125. Is l a composite number?
False
Suppose -4*u = -2*q - 2008, 10 = -4*q - q. Is u composite?
True
Let r = -507 + 252. Let g = -140 - r. Is g composite?
True
Let z(g) be the first derivative of 9*g**2/2 - 8*g - 5. Is z(5) a prime number?
True
Let w(d) be the third derivative of 0*d + 0 - 1/3*d**4 + d**2 - 1/2*d**3. Is w(-7) a prime number?
True
Is (7 + -2)*(-1)/(20/(-452)) a composite number?
False
Let c(m) = 2*m**2 + 4*m + 6. Let k be c(-10). Let w = k - 81. Is w composite?
True
Let z = 2 + 2. Is 4822/22 + z/(-22) prime?
False
Suppose -l = -j - 67, 272 = -3*j + l + 73. Let p = j - -149. Is p a prime number?
True
Suppose -b = 4*b - 10. Let u(x) = 13*x**3 + 2*x**2 + 2*x - 1. Is u(b) composite?
True
Suppose -2*h = -2*m - 6, 3*h + m = 2*h + 1. Suppose 0 = -h*u - 2*n, n - 2 = -4*u + 10. Suppose -u*o + 1089 - 53 = 0. Is o prime?
False
Suppose -4*z = -20, -z = 3*p - 10 - 1. Suppose l = -0 + p. Suppose 2*y - 67 = -5*g, -2*y = l*g + g - 41. Is g composite?
False
Let i(d) = 8*d**2 - 13*d - 7. Is i(-20) a composite number?
True
Suppose 2*h = 5*u - 7090, 11*u - 6*u + 4*h - 7120 = 0. Let o be 1/((4/(-2))/(-10)). Suppose y + u = o*y. Is y prime?
False
Suppose 4*i - 150 = 3*f, 110 = 3*i - 3*f + 2*f. Is (23/(-2))/((-6)/i) composite?
True
Is 11/(-2)*(-22 - -8) composite?
True
Suppose 0 = 3*p + 3*d - 21, -p + 3*d = 5*d - 4. Is 9/(-15) - (-196)/p composite?
False
Suppose r - 266 = -4*a + 42, 385 = 5*a - 4*r. Let t = a - 39. Is 1 + 0 + 3*t prime?
False
Let q = 421 - 271. Let g = 7 + q. Is g composite?
False
Is (-120)/45*(-267)/4 a prime number?
False
Suppose 2*k - 28 = -5*q, 20 = 2*k + 2*q + q. Suppose -2*h = 4*c - 446, 0*h - k*h + 856 = -c. Is h prime?
False
Is (-7 - 495)/(-1 - 1) - 0 a prime number?
True
Suppose 6*t - 2*t = -32. Let m = t + 22. Is m a composite number?
True
Suppose 60 = 4*b - 976. Is b prime?
False
Let l = 18 - 13. Suppose l*d - 3*d - 27 = -q, 43 = 3*d + 2*q. Is d a composite number?
False
Let q be (-1)/(-1)*2/1. Suppose 0 = 5*i + q*z - 23, 3*z + 2 = -i + 17. Suppose y - 5*y - 74 = -2*g, i*g + 4*y = 101. Is g prime?
False
Let f(s) = -s**3 - 4*s**2 - 2*s + 1. Let o be f(-2). Let t be (-14)/(-8) + o/(-12). Is (4/12)/(t/54) a composite number?
True
Suppose 0*w - 2*w = -426. Is w a composite number?
True
Let w = -19 - -13. Let i be (-9)/(-2)*(-152)/w. Let l = i - -13. Is l a prime number?
True
Let t(l) = -l**2 + 11*l + 5. Let d be t(10). Suppose -6*g - d = -11*g. Is g a composite number?
False
Suppose -7*b = -2*b + 775. Let w = b - -316. Is w a composite number?
True
Let o(p) = -p**3 - 7*p**2 - 19*p - 12. Is o(-5) composite?
True
Let u(m) = m + 2. Let c be (0/4)/(-3 + 2). Let n be u(c). Suppose 2*i = -5*x + 51, n*i - 2*x + 34 - 106 = 0. Is i a prime number?
False
Let r(h) = 27*h + 5. Let o(f) = -14*f - 3. Let j(z) = 7*o(z) + 4*r(z). Is j(4) a prime number?
False
Let g(j) = j**2 + 6*j + 3. Let h be g(-5). Is ((-3)/h)/(3/6) a prime number?
True
Let j(y) = y + 1. Let f(h) = 14*h - 10. Let k(b) = f(b) - 4*j(b). Is k(12) prime?
False
Suppose -3*q - 3*n + 0 = -54, 3*n = 3*q - 24. Is q prime?
True
Let r = -666 - -2502. Suppose 3*t - r = -345. Is t composite?
True
Suppose 0 = 2*s - 0 - 10. Let k(j) = 17*j - 9 + s + 2. Is k(3) composite?
True
Let f(q) be the second derivative of q**4/12 - 2*q**2 - q. Let c be f(3). Suppose -3*i + 185 = -2*l, -2*i - i + 220 = c*l. Is i a composite number?
True
Let x(z) = 122*z**2 - 2*z - 3. Let b(t) = -t - 1. Let m(k) = -2*b(k) + x(k). Is m(-1) a composite number?
True
Let f = 347 - 136. Is f composite?
False
Let t(c) = -7*c - 9. Let r(y) = -3*y - 4. Let m(f) = -f**2 - 5*f - 5. Let k be m(-5). Let q(p) = k*r(p) + 3*t(p). Is q(-7) a prime number?
False
Let n = -18 + 31. Let w = n - 4. Is 501/w - 2/3 prime?
False
Suppose -2*w = -7*w + 25. Let p = w + -11. Is ((-62)/4)/(p/12) a composite number?
False
Let o(c) = 5*c**2 + 1. Suppose u + u = -4*a + 20, 5*a - 25 = 3*u. Let h = 7 - a. Is o(h) a prime number?
False
Suppose -4*u + 17 = 1. Suppose 30 = b - 3*m, -u*b - 14 = 2*m - 92. Is b composite?
True
Let x = 7 + -3. Suppose x*l = 394 - 70. Let o = l + 50. Is o prime?
True
Suppose s - 3*s + 10 = 0. Let a = s + -2. Is ((-6)/(-4))/(a/30) prime?
False
Let o(r) = -1116*r**3 - r**2 - 3*r - 3. Is o(-1) composite?
True
Is -18*1055/(-22) + (-4)/22 prime?
True
Let i be 6/27 - 4160/9. Let s = 859 + i. Is s prime?
True
Suppose 1029 - 224 = 5*h. Is h a prime number?
False
Suppose 2*p = 5 - 1. Suppose 186 = 5*z - 3*j, -p*z - 4*j + 13 + 77 = 0. Is z a composite number?
True
Let a(f) = 26*f - 17. Let w(l) = -25*l + 16. Let y(s) = -5*a(s) - 6*w(s). Is y(8) a composite number?
False
Suppose -19*a = -18*a - 541. Is a prime?
True
Let c(n) = -n**3 - 12*n**2 - 17*n - 7. Is c(-11) a composite number?
False
Let k(s) = s + 4. Let h be k(6). Is 1*-22*(-5)/h a prime number?
True
Let t(l) = -l + 1. Let m(h) = 10*h**2 - 2*h + 7. Let r(z) = m(z) - 3*t(z). Is r(3) a composite number?
False
Let q be 25 - -2*2/4. Is 1*-3*q/(-3) composite?
True
Let x = -2 + 4. Suppose -4*t - 64 = -x*g - 10, -3*g = -t - 61. Is g a composite number?
False
Let j be (-2 - 93/(-6))*2. Is (-4)/(-18) - (-507)/j prime?
True
Suppose 7 = 5*u - 3, 0 = 3*h - 3*u + 15. Is ((-140)/(-16) + h)*4 a composite number?
False
Suppose 5*o + 205 = 4*r - 1148, -r + 3*o = -340. Is r prime?
True
Let l = 8 - 9. Let n be (l - 0)/(-1) - -131. Suppose 2*t - n = -8. Is t a prime number?
False
Let x = 256 - 143. Is x a composite number?
False
Let x be (-1)/(((-9)/3)/(-237)). Is x/(-2)*(-4)/(-2) a prime number?
True
Let g(m) = 4*m**2 - 2*m + 1. Let f be g(1). Suppose -4*j - 21 = -4*q + 411, -f*q = j - 320. Let n = 156 - q. Is n prime?
False
Let r = -4 + 1. Is 188 + 0 + r/3 a composite number?
True
Let p(k) = k**2 - 7*k + 7. Let l be p(6). Let c be 0/(-1) - (-2)/l. Suppose 3*d + c*h + 32 = 5*d, 0 = -2*d - 2*h + 44. Is d a composite number?
False
Let d(h) = h**3 + 9*h**2 - 7. Let v = -5 + -2. Is d(v) a prime number?
False
Is 1/((3 + 0)/447) a composite number?
False
Let c = 1212 + -234. Suppose 0 = -2*f - 4*f + c. Is f composite?
False
Let n = -6 + 8. Suppose 2*d - u = 381, -157 + 542 = n*d + 3*u. Is d prime?
True
Suppose -5*g + 1685 + 306 = -2*d, -4*d - 1203 = -3*g. Is g a prime number?
True
Suppose -l + n = -6*l + 1161, 0 = -5*l - 5*n + 1165. Is 3*(l/12)/1 prime?
False
Suppose -2*p = 4, 4*r + r - 5*p = 20. Suppose r*f - t = t + 68, 4*t + 31 = f. Is f a composite number?
True
Is 13/(-91) + 15898/7 a composite number?
True
Let i = 3945 + -1114. Is i composite?
True
Let h(w) = -6*w + 10. Let p(o) = o - 2. Let s(l) = -2*h(l) - 11*p(l). Let t be s(0). Is t/(-6) - 148/(-3) composite?
True
Suppose -4*s - s = -530. Let z = s + -19. Is z a composite number?
True
Let f(b) = b**3 - b**2 + b + 1. Let l be f(0). Is 1/(4/1556)*l a prime number?
True
Let c(s) = -s**2 - 7*s + 10. Suppose 3*x - 7*x - 32 = 0. Let j be c(x). Suppose -115 = -j*m - 3*m. Is m a composite number?
False
Let l(m) = 6*m**2 - 8*m - 2. Let k be l(6). Suppose w - k = -w. Is w a prime number?
True
Let f(o) = 10*o**2 - 2*o + 1. Let p be 3 - 0 - 4/2. Let a be f(p). Suppose 0 = 2*l + a - 39. Is l a prime number?
False
Let j = 5 - 2. Suppose 3*q + q + 4*h - 2984 = 0, 3 = j*h. Suppose 2*k + 3*v = -k + 447, -5*k + q = -4*v. Is k composite?
False
Let v(d) = 3*d - 18. Let r be v(6). Suppose 0 = -r*z + 4*z + 3*w - 1234, 5*w - 10 = 0. Is z composite?
False
Suppose -10 = 3*n - 4*m, -n + 3*n = -m - 14. Let l(v) = -4*v + 2. Is l(n) a composite number?
True
Let v = 1289 - 803. Let i(z) = -z**3 - 2*z**2 + 2. Let f be i(-2). Suppose 5*u - f*m - 773 = 2*m, -5*m + v = 3*u. Is u a prime number?
True
Let q = -67 + 70. Let v(c) = 2*c - 1. Let m(y) = y - 1. Let k(w) = -4*m(w) + 3*v(w). Is k(q) composite?
False
Suppose 5*y + 4*f = 2*f + 13, 0 = 3*y - 2*f - 11. Let p(a) = a**2 + 4*a - 2. Is p(y) composite?
False
Is ((-226)/3 - -4)*-3 composite?
True
Suppose -16 = -5*r + r. Suppose -r*v = 5*j - 162, -4*v + j + 176 = -j. Is v a composite number?
False
Let g(j) = j**2 - 4*j - 8. Let s be g(6). Suppose -2*p - q - 2 = -71, -91 = -3*p - s*q. Is p prime?
True
Let j = -19 + 46